{"id":372,"date":"2023-12-03T11:33:46","date_gmt":"2023-12-03T10:33:46","guid":{"rendered":"https:\/\/www.rm.unina.it\/?page_id=372"},"modified":"2025-03-10T17:32:49","modified_gmt":"2025-03-10T16:32:49","slug":"rm-e-book-presentazione-presentation","status":"publish","type":"page","link":"https:\/\/www.rm.unina.it\/?page_id=372","title":{"rendered":"RM E-Book: Titoli"},"content":{"rendered":"<div class=\"wp-block-image\">\n<figure class=\"alignleft\"><img decoding=\"async\" src=\"https:\/\/www.rm.unina.it\/wp-content\/uploads\/2023\/12\/fup_rett_nero_75.jpg\" alt=\"\"\/><\/figure>\n<\/div>\n\n\n<p><\/p>\n\n\n\n<p><strong>RM E-Book<\/strong>&nbsp;\u00e8 edita da&nbsp;<a href=\"http:\/\/www.fupress.com\/\">Firenze University Press<\/a>.<br><strong>RM EBooks<\/strong>&nbsp;are published by &nbsp;<a href=\"http:\/\/www.fupress.com\/\">Firenze University Press<\/a>.<br><br><\/p>\n\n\n\n<p><\/p>\n\n\n\n<p><\/p>\n\n\n\n<p class=\"has-text-align-left\"><strong>Titoli pubblicati<\/strong> <br>ISSN 2704-6362 (print) <br>ISSN 2704-6079 (online)<\/p>\n\n\n\n<ol class=\"wp-block-list\">\n<li><strong>Renato Bordone<\/strong><br><a href=\"https:\/\/books.fupress.com\/catalogue\/uno-stato-danimo\/199\"><em>Uno stato d&#8217;animo. Memoria del tempo e comportamenti urbani nel mondo comunale italiano<\/em><\/a><br>2002 (Gi\u00e0 &#8220;Monografie, 1&#8221;)<\/li>\n\n\n\n<li><a href=\"https:\/\/books.fupress.com\/catalogue\/le-storie-e-la-memoria\/246\"><em>Le storie e la memoria. In onore di Arnold Esch<\/em><\/a><br>a cura di&nbsp;<strong>Roberto Delle Donne<\/strong>&nbsp;e&nbsp;<strong>Andrea Zorzi<\/strong><br>2002 (Gi\u00e0 &#8220;E-book Reading, 1&#8221;)<\/li>\n\n\n\n<li><strong>Marina Gazzini<\/strong><br><em><a href=\"https:\/\/books.fupress.com\/catalogue\/dare-et-habere\/253\">&#8220;Dare et habere&#8221;. Il mondo di un mercante milanese del Quattrocento<\/a><\/em><br>2002 (Gi\u00e0 &#8220;Monografie, 2&#8221;)<\/li>\n\n\n\n<li><a href=\"https:\/\/books.fupress.com\/catalogue\/papato-e-monachesimo-esente-nei-secoli-centrali-del-medioevo\/238\"><em>Papato e monachesimo &#8220;esente&#8221; nei secoli centrali del medioevo<\/em><\/a><br>a cura di&nbsp;<strong>Nicolangelo D&#8217;Acunto<\/strong><br>2003 (Gi\u00e0 &#8220;E-book Reading, 2&#8221;)<\/li>\n\n\n\n<li><strong>Paola Guglielmotti<\/strong><br><a href=\"https:\/\/books.fupress.com\/catalogue\/ricerche-sullorganizzazione-del-territorio-nella-liguria-medievale\/260\"><em>Ricerche sull&#8217;organizzazione del territorio nella Liguria medievale<br><\/em><\/a>2005 (Gi\u00e0 &#8220;Monografie, 3&#8221;)<\/li>\n\n\n\n<li><a href=\"https:\/\/books.fupress.com\/catalogue\/alto-medioevo-mediterraneo\/424\"><em>Alto medioevo mediterraneo<\/em><\/a>a cura di&nbsp;<strong>Stefano Gasparri<\/strong><br>2005 (Gi\u00e0 &#8220;E-book Reading, 3&#8221;)<\/li>\n\n\n\n<li><a href=\"https:\/\/books.fupress.com\/catalogue\/poteri-signorili-e-feudali-nelle-campagne-dellitalia-settentrionale-fra-tre-e-quattrocento-fondament\/214\"><em>Poteri signorili e feudali nelle campagne dell&#8217;Italia settentrionale fra Tre e Quattrocento: fondamenti di legittimit\u00e0 e forme di esercizio<\/em><\/a><br>a cura di&nbsp;<strong>Federica Cengarle<\/strong>,&nbsp;<strong>Giorgio Chittolini<\/strong>&nbsp;e&nbsp;<strong>Gian Maria Varanini<br><\/strong>2005 (Gi\u00e0 &#8220;Quaderni di RM Rivista, 1&#8221;)<\/li>\n\n\n\n<li><a href=\"https:\/\/books.fupress.com\/catalogue\/ebrei-nella-terraferma-veneta-del-quattrocento\/368\"><em>Ebrei nella Terraferma veneta del Quattrocento<\/em><\/a><br>A cura di&nbsp;<strong>Gian Maria Varanini<\/strong>&nbsp;e&nbsp;<strong>Reinhold C. Mueller<\/strong><br>2005 (Gi\u00e0 &#8220;Quaderni di RM Rivista, 2&#8221;)<\/li>\n\n\n\n<li><strong>Giovanna Petti Balbi<\/strong><br><a href=\"https:\/\/books.fupress.com\/catalogue\/governare-la-citt\/866\"><em>Governare la citt\u00e0. Pratiche sociali e linguaggi politici a Genova in et\u00e0 medievale<br><\/em><\/a>2007 (Gi\u00e0 &#8220;Monografie, 4&#8221;)<\/li>\n\n\n\n<li><strong>Giovanni Tabacco<\/strong><br><a href=\"https:\/\/books.fupress.com\/catalogue\/medievistica-del-novecento\/883\"><em>Medievistica del Novecento. Recensioni e note di lettura (1951-1999)<\/em><\/a><br>a cura di&nbsp;<strong>Paola Guglielmotti<\/strong><br>2007 (Gi\u00e0 &#8220;Monografie, 5&#8221;)<\/li>\n\n\n\n<li><a href=\"https:\/\/books.fupress.com\/catalogue\/le-signorie-dei-rossi-di-parma-tra-xiv-e-xvi-secolo\/800\"><em>Le signorie dei Rossi di Parma tra XIV e XVI secolo<\/em><\/a><br>a cura di&nbsp;<strong>Letizia Arcangeli<\/strong>&nbsp;e&nbsp;<strong>Marco Gentile<br><\/strong>2007 (Gi\u00e0 &#8220;Quaderni, 6&#8221;)<\/li>\n\n\n\n<li><a href=\"https:\/\/books.fupress.com\/catalogue\/studi-confraternali-orientamenti-problemi-testimonianze\/960\"><em>Studi confraternali: orientamenti, problemi, testimonianze<\/em><\/a><br>a cura di&nbsp;<strong>Marina Gazzini<br><\/strong>2009<\/li>\n\n\n\n<li><strong>Isabella Lazzarini<\/strong><br><a href=\"https:\/\/books.fupress.com\/catalogue\/il-linguaggio-del-territorio-fra-principe-e-comunit\/1857\"><em>Il linguaggio del territorio fra principe e comunit\u00e0. Il giuramento di fedelt\u00e0 a Federico Gonzaga (Mantova 1479)<\/em><\/a><br>2009<\/li>\n\n\n\n<li><a href=\"https:\/\/books.fupress.com\/catalogue\/conflitti-paci-e-vendette-nellitalia-comunale\/801\"><em>Conflitti, paci e vendette nell&#8217;Italia comunale<\/em><\/a><br>a cura di&nbsp;<strong>Andrea Zorzi<br><\/strong>2009<\/li>\n\n\n\n<li><a href=\"https:\/\/books.fupress.com\/catalogue\/europa-e-italia-studi-in-onore-di-giorgio-chittolini--europe-and-italy-studies-in-honour-of-giorgio-\/2515\"><em>Europa e Italia. Studi in onore di Giorgio Chittolini<br>Europe and Italy. Studies in honour of Giorgio Chittolini<\/em><\/a><br>2011<\/li>\n\n\n\n<li><strong>Giovanni Tabacco<br><\/strong><a href=\"https:\/\/books.fupress.com\/catalogue\/la-relazione-fra-i-concetti-di-potere-temporale-e-di-potere-spirituale-nella-tradizione-cristiana-fi\/1858\"><em>La relazione fra i concetti di potere temporale e di potere spirituale nella tradizione cristiana fino al secolo XIV<\/em><\/a><br>a cura di&nbsp;<strong>Laura Gaffuri<br><\/strong>2010<\/li>\n\n\n\n<li><strong>Roberto Delle Donne<br><\/strong><a href=\"https:\/\/books.fupress.com\/catalogue\/burocrazia-e-fisco-a-napoli-tra-xv-e-xvi-secolo\/2522\"><em>Burocrazia e fisco a Napoli tra XV e XVI secolo. La Camera della Sommaria e il<\/em>&nbsp;Repertorium alphabeticum solutionum fiscalium Regni Siciliae Cisfretanae<\/a><br>2012<\/li>\n\n\n\n<li><strong>Mario Marrocchi<br><\/strong><em><a href=\"https:\/\/books.fupress.com\/catalogue\/monaci-scrittori-san-salvatore-al-monte-amiata-tra-impero-e-papato-secoli-viii-xiii\/2764\">Monaci scrittori. San Salvatore al monte Amiata tra Impero e Papato (secoli VIII-XIII)<\/a><\/em><br>2014<\/li>\n\n\n\n<li>Honos alit artes.&nbsp;<em>Studi per il settantesimo compleanno di Mario Ascheri<\/em>.<br>I.&nbsp;<em><a href=\"https:\/\/books.fupress.com\/catalogue\/ihonos-alit-artesi-studi-per-il-settantesimo-compleanno-di-mario-ascheri-i-la-formazione-del-diritto\/2846\">La formazione del diritto comune<\/a><\/em> <br>II.&nbsp;<em><a href=\"https:\/\/books.fupress.com\/catalogue\/ihonos-alit-artesi-studi-per-il-settantesimo-compleanno-di-mario-ascheri-ii-gli-universi-particolari\/2847\">Gli universi particolari<\/a><\/em> <br>III.&nbsp;<em><a href=\"https:\/\/books.fupress.com\/catalogue\/ihonos-alit-artesi-studi-per-il-settantesimo-compleanno-di-mario-ascheri-iii-il-cammino-delle-idee-d\/2848\">Il cammino delle idee dal medioevo all&#8217;et\u00e0 moderna<\/a><\/em> <br>IV.&nbsp;<a href=\"https:\/\/books.fupress.com\/catalogue\/ihonos-alit-artesi-studi-per-il-settantesimo-compleanno-di-mario-ascheri-iv-let-moderna-e-contempora\/2849\"><em>L&#8217;et\u00e0 moderna e contemporanea<\/em><\/a><br>a cura di&nbsp;<strong>Paola Maffei<\/strong>&nbsp;e&nbsp;<strong>Gian Maria Varanini<\/strong><br>2014<\/li>\n\n\n\n<li><strong>Francesco Bianchi<\/strong><br><em><a href=\"https:\/\/books.fupress.com\/catalogue\/ospedali-e-politiche-assistenziali-a-vicenza-nel-quattrocento\/2872\">Ospedali e politiche assistenziali a Vicenza nel Quattrocento<\/a><\/em><br>2014<\/li>\n\n\n\n<li><em><a href=\"https:\/\/books.fupress.com\/catalogue\/venice-and-the-veneto-during-the-renaissance-the-legacy-of-benjamin-kohl\/2871\">Venice and the Veneto during the Renaissance: the Legacy of Benjamin Kohl<\/a><\/em><br>Edited by&nbsp;<strong>Michael Knapton<\/strong>,&nbsp;<strong>John E. Law<\/strong>,&nbsp;<strong>Alison A. Smith<\/strong><br>2014<\/li>\n\n\n\n<li><strong>Denise Bezzina<\/strong><br><em><a href=\"https:\/\/books.fupress.com\/catalogue\/artigiani-a-genova-nei-secoli-xii-xiii\/2958\">Artigiani a Genova nei secoli XII-XIII<\/a><\/em><br>2015<\/li>\n\n\n\n<li><em><a href=\"https:\/\/books.fupress.com\/catalogue\/la-diocesi-di-bobbio-formazione-e-sviluppi-di-unistituzione-millenaria\/3066\">La diocesi di Bobbio. Formazione e sviluppi di un&#8217;istituzione millenaria<\/a><\/em><br>a cura di&nbsp;<strong>Eleonora Destefanis<\/strong>&nbsp;e&nbsp;<strong>Paola Guglielmotti<\/strong><br>2015<\/li>\n\n\n\n<li><em><a href=\"https:\/\/books.fupress.com\/catalogue\/il-ducato-di-filippo-maria-visconti-1412-1447-economia-politica-cultura\/3041\">Il ducato di Filippo Maria Visconti, 1412-1447. Economia, politica, cultura<\/a><\/em><br>a cura di&nbsp;<strong>Federica Cengarle<\/strong>&nbsp;e&nbsp;<strong>Maria Nadia Covini<\/strong><br>2015<\/li>\n\n\n\n<li><em><a href=\"https:\/\/books.fupress.com\/catalogue\/per-enzo-studi-in-memoria-di-vincenzo-matera\/3087\">Per Enzo. Studi in memoria di Vincenzo Matera<\/a><\/em><br>a cura di&nbsp;<strong>Lidia Capo<\/strong>&nbsp;e&nbsp;<strong>Antonio Ciaralli<\/strong><br>2015<\/li>\n\n\n\n<li><strong>Alfio Cortonesi<\/strong>,&nbsp;<strong>Susanna Passigli<\/strong><br><em><a href=\"https:\/\/books.fupress.com\/catalogue\/agricoltura-e-allevamento-nellitalia-medievale-contributo-bibliografico-1950-2010\/3315\">Agricoltura e allevamento nell&#8217;Italia medievale. Contributo bibliografico, 1950-2010<\/a><\/em><br>2015<\/li>\n\n\n\n<li><strong>Ermanno Orlando<\/strong><br><em><a href=\"https:\/\/books.fupress.com\/catalogue\/medioevo-fonti-editoria-la-deputazione-di-storia-patria-per-le-venezie-1873-1900\/3385\">Medioevo, fonti, editoria. La Deputazione di storia patria per le Venezie (1873-1900)<\/a><\/em><br>2016<\/li>\n\n\n\n<li><strong>Gianmarco De Angelis<\/strong><br><em><a href=\"https:\/\/books.fupress.com\/catalogue\/raccogliere-pubblicare-illustrare-carte-editori-ed-edizioni-di-documenti-medievali-in-lombardia-tra-\/3400\">&#8220;Raccogliere, pubblicare, illustrare carte&#8221;. Editori ed edizioni di documenti medievali in Lombardia tra Otto e Novecento<\/a><\/em><br>2017<\/li>\n\n\n\n<li><strong>Alessio Fiore<\/strong><br><em><a href=\"https:\/\/books.fupress.com\/catalogue\/il-mutamento-signorile-assetti-di-potere-e-comunicazione-politica-nelle-campagne-dellitalia-centro-s\/3493\">Il mutamento signorile.<br>Assetti di potere e comunicazione politica nelle campagne dell&#8217;Italia centro-settentrionale (1080-1130 c.)<\/a><\/em><br>2017<\/li>\n\n\n\n<li><strong>Marina Gazzini<\/strong><br><em><a href=\"https:\/\/books.fupress.com\/catalogue\/storie-di-vita-e-di-malavita-criminali-poveri-e-altri-miserabili-nelle-carceri-di-milano-alla-fine-d\/3550\">Storie di vita e di malavita. Criminali, poveri e altri miserabili nelle carceri di Milano alla fine del medioevo<\/a><\/em><br>2017<\/li>\n\n\n\n<li><a href=\"https:\/\/books.fupress.com\/catalogue\/clarisas-y-dominicas-modelos-de-implantacin-filiacin-promocin-y-devocin-en-la-pennsula-ibrica-cerdea\/3589\"><em>Clarisas y dominicas. Modelos de implantaci\u00f3n, filiaci\u00f3n, promoci\u00f3n y devoci\u00f3n en la Pen\u00ednsula Ib\u00e9rica, Cerde\u00f1a, N\u00e1poles y Sicilia<\/em><\/a><br>a cura di&nbsp;<strong>Gemma Teresa Colesanti<\/strong>,&nbsp;<strong>Blanca Gar\u00ed<\/strong>&nbsp;y&nbsp;<strong>N\u00faria Jornet-Benito<\/strong><br>2017<\/li>\n\n\n\n<li><a href=\"https:\/\/books.fupress.com\/catalogue\/verbum-e-ius\/3917\">Verbum et ius. Predicazione e sistemi giuridici nell&#8217;Occidente medievale \/ Preaching and legal Frameworks in the Middle Ages<\/a><br>a cura di&nbsp;<strong>Laura Gaffuri<\/strong>&nbsp;e&nbsp;<strong>Rosa Maria Parrinello<\/strong><br>2018<\/li>\n\n\n\n<li><a href=\"https:\/\/books.fupress.com\/catalogue\/erudizione-cittadina-e-fonti-documentarie\/3815\"><em>Erudizione cittadina e fonti documentarie. Archivi e ricerca storica nell&#8217;Ottocento italiano (1840-1880)<\/em><\/a><br>a cura di&nbsp;<strong>Andrea Giorgi<\/strong>,&nbsp;<strong>Stefano Moscadelli<\/strong>,&nbsp;<strong>Gian Maria Varanini<\/strong>,&nbsp;<strong>Stefano Vitali<\/strong><br>2019<\/li>\n\n\n\n<li><strong>Paolo Tomei<\/strong><br><a href=\"https:\/\/books.fupress.com\/catalogue\/imilites-elegantesi-le-strutture-aristocratiche-nel-territorio-lucchese-800-1100-c\/3967\">Milites elegantes.&nbsp;<em>Le strutture aristocratiche nel territorio lucchese (800-1100 c.)<\/em><\/a><br>2019<\/li>\n\n\n\n<li><a href=\"https:\/\/books.fupress.com\/catalogue\/il-carteggio-tra-luigi-schiaparelli-e-carlo-cipolla-1894-1916\/4038\"><em>Il carteggio tra Luigi Schiaparelli e Carlo Cipolla (1894-1916)<\/em><\/a><br>a cura di&nbsp;<strong>Antonio Olivieri<\/strong><br>2019<\/li>\n\n\n\n<li><a href=\"https:\/\/books.fupress.com\/catalogue\/the-dominicans-and-the-making-of-florentine-cultural-identity-13th-14th-centuries--i-domenicani-e-la\/4131\"><em>The Dominicans and the Making of Florentine Cultural Identity (13th-14th centuries) \/ I domenicani e la costruzione dell&#8217;identit\u00e0 culturale fiorentina (XIII-XIV secolo)<\/em><\/a><br>edited by&nbsp;<strong>Johannes Bartuschat, Elisa Brilli, Delphine Carron<\/strong><br>2020<\/li>\n\n\n\n<li><strong>Luigi Provero<\/strong><br><a href=\"https:\/\/books.fupress.com\/catalogue\/dalla-guerra-alla-pace-larazzo-di-bayeux-e-la-conquista-normanna-dellinghilterra-secolo-xi\/4703\"><em>Dalla guerra alla pace. L\u2019Arazzo di Bayeux e la conquista normanna dell\u2019Inghilterra (secolo XI)<\/em><\/a><br>2020<\/li>\n\n\n\n<li><a href=\"https:\/\/books.fupress.com\/catalogue\/la-signoria-rurale-nellitalia-del-tardo-medioevo-2-archivi-e-poteri-feudali-nel-mezzogiorno-secoli-x\/4707\"><em>La signoria rurale nell\u2019Italia del tardo medioevo. 2 Archivi e poteri feudali nel Mezzogiorno (secoli XIV-XVI)<\/em><\/a><br>a cura di&nbsp;<strong>Francesco Senatore<\/strong><br>2021<\/li>\n\n\n\n<li><a href=\"https:\/\/books.fupress.com\/catalogue\/la-signoria-rurale-nellitalia-del-tardo-medioevo-3-lazione-politica-locale\/5968\"><em>La signoria rurale nell\u2019Italia del tardo medioevo. 3 L\u2019azione politica locale<\/em><\/a><br>a cura di&nbsp;<strong>Alessio Fiore<\/strong>&nbsp;e&nbsp;<strong>Luigi Provero<\/strong><br>2021<\/li>\n\n\n\n<li><a href=\"https:\/\/books.fupress.com\/catalogue\/fiere-vicende-dellet-di-mezzo\/7320\"><em>\u00abFiere vicende dell\u2019et\u00e0 di mezzo\u00bb. Studi per Gian Maria Varanini<\/em><\/a><br>a cura di&nbsp;<strong>Paola Guglielmotti<\/strong>&nbsp;e&nbsp;<strong>Isabella Lazzarini<\/strong><br>2021<\/li>\n\n\n\n<li><strong>Attilio Stella<\/strong><br><a href=\"https:\/\/books.fupress.com\/catalogue\/ai-margini-del-contado\/12884\"><em>Ai margini del contado. Terra, signoria ed \u00e9lites locali a Sabbion e nel territorio di Cologna Veneta (secoli XII-XIII)<\/em><\/a><br>2022<\/li>\n\n\n\n<li><a href=\"https:\/\/books.fupress.com\/catalogue\/networks-of-bishops-networks-of-texts\/12883\"><em>Networks of bishops, networks of texts. Manuscripts, legal cultures, tools of government in Carolingian Italy at the time of Lothar I<\/em><\/a><br>Edited by&nbsp;<strong>Gian Marco De Angelis<\/strong>,&nbsp;<strong>Francesco Veronese<\/strong><br>2022<\/li>\n\n\n\n<li><a href=\"https:\/\/books.fupress.com\/catalogue\/between-ostrogothic-and-carolingian-italy\/12893\"><em>Between Ostrogothic and Carolingian Italy. \nSurvivals, revivals, ruptures<\/em><\/a><br>a cura di&nbsp;<strong>Fabrizio Oppedisano<\/strong><br>2022<\/li>\n\n\n\n<li><a href=\"https:\/\/books.fupress.com\/catalogue\/la-signoria-rurale-nellitalia-del-tardo-medioevo-6-le-signorie-trentine\/13115\"><em>La signoria rurale nell\u2019Italia del tardo medioevo. 6 Le signorie trentine<\/em><\/a><br>a cura di&nbsp;<strong>Marco Bettotti<\/strong>&nbsp;e&nbsp;<strong>Gian Maria Varanini<\/strong><br>2023<\/li>\n\n\n\n<li><a href=\"https:\/\/books.fupress.com\/catalogue\/la-signoria-rurale-nellitalia-del-tardo-medioevo-6-le-signorie-trentine\/13115\"><em>La signoria rurale nell\u2019Italia del tardo medioevo. 4. Quadri di sintesi e nuove prospettive di ricerca<\/em><\/a><br>a cura di&nbsp;<strong>Sandro Carocci<\/strong><br>2023<\/li>\n\n\n\n<li><strong>Elena Corniolo<\/strong><br><a href=\"https:\/\/books.fupress.com\/catalogue\/pratiche-di-appropriazione-e-delimitazione-del-sacro\/14016\"><em>Pratiche di appropriazione e delimitazione del sacro Le visite pastorali alla diocesi di Aosta (XV secolo)<\/em><\/a><br>2023<\/li>\n\n\n\n<li><em><a href=\"https:\/\/books.fupress.it\/catalogue\/storiografie-italiane-del-xii-secolo\/14872\">Storiografie italiane del XII secolo. Contesti di scrittura, elaborazione e uso in una prospettiva comparata<\/a> <\/em><br>a cura di&nbsp;<strong>Alberto Cotza<\/strong> e <strong>Markus Krumm<\/strong><br>2024<\/li>\n\n\n\n<li><em><a href=\"https:\/\/books.fupress.com\/catalogue\/carolingian-frontiers-italy-and-beyond\/14833\">Carolingian Frontiers: Italy and Beyond<\/a><\/em><br>Edited by <strong>Alberto Cotza<\/strong> e <strong>Maddalena Betti, Francesco Borri, Stefano Gasparri<\/strong><br>2024<\/li>\n\n\n\n<li><em><a href=\"https:\/\/books.fupress.com\/catalogue\/political-landscapes-in-late-antiquity-and-early-middle-ages-the-iberian-northwest-in-the-context-of\/15091\">Political landscapes in Late Antiquity and Early Middle Ages: the Iberian Northwest in the Context of Southern Europe<\/a><\/em><br>Edited by\u00a0<strong>I\u00f1aki Mart\u00edn Viso<\/strong><br>2024<\/li>\n\n\n\n<li><em><a href=\"https:\/\/books.fupress.com\/catalogue\/local-societies-and-peasantry-agencies-in-medieval-iberia\/15090\">Local Societies and Peasantry Agencies in Medieval Iberia<\/a><\/em><br>Edited by\u00a0<strong>Juan Antonio Quir\u00f3s Castillo<\/strong><br>2024<\/li>\n\n\n\n<li><strong>Daniel Lord Smail<\/strong><br><a href=\"https:\/\/books.fupress.com\/catalogue\/cartografie-immaginarie\/15584\"><em>Cartografie immaginarie.\nMappare il possesso e l\u2019identit\u00e0 nella Marsiglia bassomedievale<\/em><\/a><br>2025<\/li>\n<\/ol>\n","protected":false},"excerpt":{"rendered":"<p>RM E-Book&nbsp;\u00e8 edita da&nbsp;Firenze University Press.RM EBooks&nbsp;are published by &nbsp;Firenze University Press. Titoli pubblicati ISSN 2704-6362 (print) ISSN 2704-6079 (online)<\/p>\n","protected":false},"author":1,"featured_media":0,"parent":0,"menu_order":0,"comment_status":"closed","ping_status":"closed","template":"","meta":{"footnotes":""},"class_list":["post-372","page","type-page","status-publish","hentry"],"_links":{"self":[{"href":"https:\/\/www.rm.unina.it\/index.php?rest_route=\/wp\/v2\/pages\/372","targetHints":{"allow":["GET"]}}],"collection":[{"href":"https:\/\/www.rm.unina.it\/index.php?rest_route=\/wp\/v2\/pages"}],"about":[{"href":"https:\/\/www.rm.unina.it\/index.php?rest_route=\/wp\/v2\/types\/page"}],"author":[{"embeddable":true,"href":"https:\/\/www.rm.unina.it\/index.php?rest_route=\/wp\/v2\/users\/1"}],"replies":[{"embeddable":true,"href":"https:\/\/www.rm.unina.it\/index.php?rest_route=%2Fwp%2Fv2%2Fcomments&post=372"}],"version-history":[{"count":36,"href":"https:\/\/www.rm.unina.it\/index.php?rest_route=\/wp\/v2\/pages\/372\/revisions"}],"predecessor-version":[{"id":514,"href":"https:\/\/www.rm.unina.it\/index.php?rest_route=\/wp\/v2\/pages\/372\/revisions\/514"}],"wp:attachment":[{"href":"https:\/\/www.rm.unina.it\/index.php?rest_route=%2Fwp%2Fv2%2Fmedia&parent=372"}],"curies":[{"name":"wp","href":"https:\/\/api.w.org\/{rel}","templated":true}]}}